{"id":2605,"date":"2015-11-16T14:53:45","date_gmt":"2015-11-16T13:53:45","guid":{"rendered":"http:\/\/www.restaurantgandria.ch\/it\/adriano\/"},"modified":"2024-11-16T14:09:18","modified_gmt":"2024-11-16T13:09:18","slug":"adriano","status":"publish","type":"page","link":"https:\/\/www.restaurantgandria.ch\/it\/adriano\/","title":{"rendered":"Adriano"},"content":{"rendered":"<div id=\"pl-2605\"  class=\"panel-layout\" >\n<div id=\"pg-2605-0\"  class=\"panel-grid panel-has-style\"  data-style=\"{&quot;background_image_attachment&quot;:&quot;3130&quot;,&quot;background_image_attachment_fallback&quot;:false,&quot;background_display&quot;:&quot;cover&quot;,&quot;full_height&quot;:&quot;&quot;,&quot;row_stretch&quot;:&quot;full-width-stretch&quot;,&quot;cell_alignment&quot;:&quot;flex-start&quot;,&quot;parallax&quot;:true}\" >\n<div class=\"siteorigin-panels-stretch article__parallax thim-fix-stretched panel-row-style panel-row-style-for-2605-0\" data-stretch-type=\"full-width-stretch\" >\n<div id=\"pgc-2605-0-0\"  class=\"panel-grid-cell\"  data-weight=\"1\" >\n<div id=\"panel-2605-0-0-0\" class=\"so-panel widget widget_heading panel-first-child panel-last-child\" data-index=\"0\" data-style=\"{&quot;background_image_attachment&quot;:false,&quot;background_display&quot;:&quot;tile&quot;}\" ><div class=\"thim-widget-heading thim-widget-heading-base template-base\"><div class=\"sc-heading article_heading\"><h3 style=\"color:#f7b624;\" class=\"heading__primary wrapper-line-heading\">Adriano<span class=\"line-heading\"><\/span><\/h3><\/div><\/div><\/div>\n<\/div>\n<\/div>\n<\/div>\n<div id=\"pg-2605-1\"  class=\"panel-grid panel-no-style\"  data-style=\"{&quot;background_image_attachment&quot;:false,&quot;background_display&quot;:&quot;tile&quot;,&quot;full_height&quot;:&quot;&quot;,&quot;cell_alignment&quot;:&quot;flex-start&quot;,&quot;parallax&quot;:&quot;&quot;}\" >\n<div id=\"pgc-2605-1-0\"  class=\"panel-grid-cell\"  data-weight=\"1\" >\n<div id=\"panel-2605-1-0-0\" class=\"so-panel widget widget_sow-editor panel-first-child panel-last-child\" data-index=\"1\" data-style=\"{&quot;background_image_attachment&quot;:false,&quot;background_display&quot;:&quot;tile&quot;,&quot;background_image_size&quot;:&quot;full&quot;,&quot;background_image_opacity&quot;:&quot;100&quot;,&quot;border_thickness&quot;:&quot;1px&quot;}\" >\n<div\n\t\t\t\n\t\t\tclass=\"so-widget-sow-editor so-widget-sow-editor-base\"\n\t\t\t\n\t\t><\/p>\n<div class=\"siteorigin-widget-tinymce textwidget\">\n<p style=\"text-align: justify;\"><a href=\"https:\/\/www.restaurantgandria.ch\/wp-content\/uploads\/2017\/11\/peroncini-chef.png\"><img loading=\"lazy\" decoding=\"async\" class=\"alignleft size-full wp-image-3090\" src=\"https:\/\/www.restaurantgandria.ch\/wp-content\/uploads\/2017\/11\/peroncini-chef.png\" alt=\"\" width=\"350\" height=\"350\" srcset=\"https:\/\/www.restaurantgandria.ch\/wp-content\/uploads\/2017\/11\/peroncini-chef.png 350w, https:\/\/www.restaurantgandria.ch\/wp-content\/uploads\/2017\/11\/peroncini-chef-150x150.png 150w, https:\/\/www.restaurantgandria.ch\/wp-content\/uploads\/2017\/11\/peroncini-chef-300x300.png 300w\" sizes=\"auto, (max-width: 350px) 100vw, 350px\" \/><\/a><\/p>\n<p>Nato e cresciuto a Taranto, dopo un&#8217;unica esperienza lavorativa in Puglia, lascia la sua regione per intraprendere un lungo periodo di formazione e studio della cucina italiana.<\/p>\n<p>Consegue il diploma di scuola alberghiera a Senigallia, nel centro Italia, e amplia le sue esperienze professionali in alberghi di lusso tra le Marche e il lago di Como. Nel 1997 si trasferisce a Londra, dove lavora in ristoranti stellati di cucina italiana (Toto&#8217;s e l&#8217;Halkin Hotel).<br \/>\nHa proseguito il suo cammino anche al di fuori dei confini italiani partecipando all&#8217;EXPO 1998 in Portogallo in qualit\u00e0 di giovane docente di cucina regionale italiana, in collaborazione con l&#8217;Istituto di cultura italiana di Lisbona. Successivamente, si \u00e8 trasferito di nuovo in Inghilterra, sulle Isole Normanne, dove ha lavorato come Chef in un Charme &amp; Relax, per poi trasferirsi a Bermuda in qualit\u00e0 di Head Chef.<\/p>\n<p>Poco pi\u00f9 che ventenne ha l&#8217;opportunit\u00e0 di conoscere grandi nomi della cucina italiana come Gualtiero Marchesi, Gianfranco Vissani e, per finire, Ferran Adri\u00e0, che poi reincontrer\u00e0 dopo il 2000.<\/p>\n<p>Ritorna in Italia l&#8217;estate del 2000 presso il rinomato &#8220;Tivoli&#8221; di Cortina d&#8217;Ampezzo, Chef Walter Bianconi, ristorante stellato con 3 forchette del Gambero Rosso, dove rimarr\u00e0 fino alla sua chiusura definitiva.<\/p>\n<p>Nel 2002 si trasferisce definitivamente a Milano. Qui scopre il &#8220;Paradiso&#8221; in termini di qualit\u00e0 e variet\u00e0 di prodotti. Lavorare con materie prime di eccellenza assoluta, provenienti da tutto il territorio italiano ed estero, gli ha permesso di fare un passo avanti in termini di creativit\u00e0 e dinamicit\u00e0, difficili da eguagliare, e di sviluppare anche la sua grande passione per la pasticceria e il lievito naturale. Iginio Massari, Pierpaolo Magni, Stefano Laghi e Gianluca Fusto sono maestri pasticceri che hanno lasciato un&#8217;impronta significativa nel suo percorso formativo. \u00c8 questo il periodo che lui stesso definisce \u201cil laboratorio di completamento\u201d.<br \/>\nHa conseguito tre attestati di pasticceria professionale e ha scritto un libro di cucina sul business lunch, una vera e propria opera di perfetta simbiosi tra stile, design grafico e comunicazione del cibo.<\/p>\n<p>Dal 2008, per un progetto di vita condiviso con sua moglie di Zurigo, decide di trasferirsi e colleziona due esperienze, per cos\u00ec dire, di rodaggio, sempre in qualit\u00e0 di chef di cucina. \u00c8 nel 2015, per\u00f2, che decide di rilevare il Ristorante Gandria, in uno dei quartieri pi\u00f9 affascinanti della citt\u00e0, vicino al lago.<\/p>\n<p>&nbsp;<\/p>\n<\/div>\n<\/div>\n<\/div>\n<\/div>\n<\/div>\n<\/div>\n","protected":false},"excerpt":{"rendered":"<p>Nato e cresciuto a Taranto, dopo un&#8217;unica esperienza lavorativa in Puglia, lascia la sua regione per intraprendere un lungo periodo <\/p>\n","protected":false},"author":2,"featured_media":0,"parent":0,"menu_order":0,"comment_status":"closed","ping_status":"closed","template":"","meta":{"footnotes":""},"class_list":["post-2605","page","type-page","status-publish","hentry"],"_links":{"self":[{"href":"https:\/\/www.restaurantgandria.ch\/it\/wp-json\/wp\/v2\/pages\/2605","targetHints":{"allow":["GET"]}}],"collection":[{"href":"https:\/\/www.restaurantgandria.ch\/it\/wp-json\/wp\/v2\/pages"}],"about":[{"href":"https:\/\/www.restaurantgandria.ch\/it\/wp-json\/wp\/v2\/types\/page"}],"author":[{"embeddable":true,"href":"https:\/\/www.restaurantgandria.ch\/it\/wp-json\/wp\/v2\/users\/2"}],"replies":[{"embeddable":true,"href":"https:\/\/www.restaurantgandria.ch\/it\/wp-json\/wp\/v2\/comments?post=2605"}],"version-history":[{"count":15,"href":"https:\/\/www.restaurantgandria.ch\/it\/wp-json\/wp\/v2\/pages\/2605\/revisions"}],"predecessor-version":[{"id":5470,"href":"https:\/\/www.restaurantgandria.ch\/it\/wp-json\/wp\/v2\/pages\/2605\/revisions\/5470"}],"wp:attachment":[{"href":"https:\/\/www.restaurantgandria.ch\/it\/wp-json\/wp\/v2\/media?parent=2605"}],"curies":[{"name":"wp","href":"https:\/\/api.w.org\/{rel}","templated":true}]}}

<div id="pl-2605"  class="panel-layout" >
<div id="pg-2605-0"  class="panel-grid panel-has-style"  data-style="{&quot;background_image_attachment&quot;:&quot;3130&quot;,&quot;background_image_attachment_fallback&quot;:false,&quot;background_display&quot;:&quot;cover&quot;,&quot;full_height&quot;:&quot;&quot;,&quot;row_stretch&quot;:&quot;full-width-stretch&quot;,&quot;cell_alignment&quot;:&quot;flex-start&quot;,&quot;parallax&quot;:true}" >
<div class="siteorigin-panels-stretch article__parallax thim-fix-stretched panel-row-style panel-row-style-for-2605-0" data-stretch-type="full-width-stretch" >
<div id="pgc-2605-0-0"  class="panel-grid-cell"  data-weight="1" >
<div id="panel-2605-0-0-0" class="so-panel widget widget_heading panel-first-child panel-last-child" data-index="0" data-style="{&quot;background_image_attachment&quot;:false,&quot;background_display&quot;:&quot;tile&quot;}" ><div class="thim-widget-heading thim-widget-heading-base template-base"><div class="sc-heading article_heading"><h3 style="color:#f7b624;" class="heading__primary wrapper-line-heading">Adriano<span class="line-heading"></span></h3></div></div></div>
</div>
</div>
</div>
<div id="pg-2605-1"  class="panel-grid panel-no-style"  data-style="{&quot;background_image_attachment&quot;:false,&quot;background_display&quot;:&quot;tile&quot;,&quot;full_height&quot;:&quot;&quot;,&quot;cell_alignment&quot;:&quot;flex-start&quot;,&quot;parallax&quot;:&quot;&quot;}" >
<div id="pgc-2605-1-0"  class="panel-grid-cell"  data-weight="1" >
<div id="panel-2605-1-0-0" class="so-panel widget widget_sow-editor panel-first-child panel-last-child" data-index="1" data-style="{&quot;background_image_attachment&quot;:false,&quot;background_display&quot;:&quot;tile&quot;,&quot;background_image_size&quot;:&quot;full&quot;,&quot;background_image_opacity&quot;:&quot;100&quot;,&quot;border_thickness&quot;:&quot;1px&quot;}" >
<div
			
			class="so-widget-sow-editor so-widget-sow-editor-base"
			
		></p>
<div class="siteorigin-widget-tinymce textwidget">
<p style="text-align: justify;"><a href="https://www.restaurantgandria.ch/wp-content/uploads/2017/11/peroncini-chef.png"><img loading="lazy" decoding="async" class="alignleft size-full wp-image-3090" src="https://www.restaurantgandria.ch/wp-content/uploads/2017/11/peroncini-chef.png" alt="" width="350" height="350" srcset="https://www.restaurantgandria.ch/wp-content/uploads/2017/11/peroncini-chef.png 350w, https://www.restaurantgandria.ch/wp-content/uploads/2017/11/peroncini-chef-150x150.png 150w, https://www.restaurantgandria.ch/wp-content/uploads/2017/11/peroncini-chef-300x300.png 300w" sizes="auto, (max-width: 350px) 100vw, 350px" /></a></p>
<p>Nato e cresciuto a Taranto, dopo un&#8217;unica esperienza lavorativa in Puglia, lascia la sua regione per intraprendere un lungo periodo di formazione e studio della cucina italiana.</p>
<p>Consegue il diploma di scuola alberghiera a Senigallia, nel centro Italia, e amplia le sue esperienze professionali in alberghi di lusso tra le Marche e il lago di Como. Nel 1997 si trasferisce a Londra, dove lavora in ristoranti stellati di cucina italiana (Toto&#8217;s e l&#8217;Halkin Hotel).<br />
Ha proseguito il suo cammino anche al di fuori dei confini italiani partecipando all&#8217;EXPO 1998 in Portogallo in qualità di giovane docente di cucina regionale italiana, in collaborazione con l&#8217;Istituto di cultura italiana di Lisbona. Successivamente, si è trasferito di nuovo in Inghilterra, sulle Isole Normanne, dove ha lavorato come Chef in un Charme &amp; Relax, per poi trasferirsi a Bermuda in qualità di Head Chef.</p>
<p>Poco più che ventenne ha l&#8217;opportunità di conoscere grandi nomi della cucina italiana come Gualtiero Marchesi, Gianfranco Vissani e, per finire, Ferran Adrià, che poi reincontrerà dopo il 2000.</p>
<p>Ritorna in Italia l&#8217;estate del 2000 presso il rinomato &#8220;Tivoli&#8221; di Cortina d&#8217;Ampezzo, Chef Walter Bianconi, ristorante stellato con 3 forchette del Gambero Rosso, dove rimarrà fino alla sua chiusura definitiva.</p>
<p>Nel 2002 si trasferisce definitivamente a Milano. Qui scopre il &#8220;Paradiso&#8221; in termini di qualità e varietà di prodotti. Lavorare con materie prime di eccellenza assoluta, provenienti da tutto il territorio italiano ed estero, gli ha permesso di fare un passo avanti in termini di creatività e dinamicità, difficili da eguagliare, e di sviluppare anche la sua grande passione per la pasticceria e il lievito naturale. Iginio Massari, Pierpaolo Magni, Stefano Laghi e Gianluca Fusto sono maestri pasticceri che hanno lasciato un&#8217;impronta significativa nel suo percorso formativo. È questo il periodo che lui stesso definisce “il laboratorio di completamento”.<br />
Ha conseguito tre attestati di pasticceria professionale e ha scritto un libro di cucina sul business lunch, una vera e propria opera di perfetta simbiosi tra stile, design grafico e comunicazione del cibo.</p>
<p>Dal 2008, per un progetto di vita condiviso con sua moglie di Zurigo, decide di trasferirsi e colleziona due esperienze, per così dire, di rodaggio, sempre in qualità di chef di cucina. È nel 2015, però, che decide di rilevare il Ristorante Gandria, in uno dei quartieri più affascinanti della città, vicino al lago.</p>
<p>&nbsp;</p>
</div>
</div>
</div>
</div>
</div>
</div>
